 11*(1 + -2) - 0. Let c(l) be the second derivative of l**5/20 + l**4 + 5*l**3/6 + 25*l**2/2 + 9*l - 8. What are the prime factors of c(p)?
7, 13
Let f be (3 - 0) + (12/(-4))/3. Suppose -6*p + 5*p + f = 0. Suppose i - 2*i + 135 = 4*x, -2*x = -p. What are the prime factors of i?
131
Let n be 14/(-4) + 1/2. Let m = -505 + 505. What are the prime factors of 3 - (1 + n - m)?
5
Suppose -3*o = n - 32799, 26*o - 25*o + 5*n - 10961 = 0. List the prime factors of o.
17, 643
Let y(m) = -m**3 + 36*m**2 + 164*m - 44. What are the prime factors of y(29)?
3, 3533
List the prime factors of 6 + (-477)/81 + (6 - 1286980/(-18)).
3, 5, 7, 227
Suppose -4*h + 3*h + 4 = 0, -5*b + 3*h = -1868. Let l = b + -348. What are the prime factors of l?
2, 7
Let q = -11332 - -25823. List the prime factors of q.
43, 337
Let s be 83 + 24 - (0 + 7 + -2). Suppose -492 = 98*u - s*u. List the prime factors of u.
3, 41
Let s be (-2)/1*(-400)/32. Let a(q) = -5*q - s*q**2 - 2 + 26*q**2 + 2*q. List the prime factors of a(-4).
2, 13
Let w(q) = 12*q - 11. Suppose -2*m = f - 2 - 17, -m + 4*f - 13 = 0. Let z be w(m). Let y = 129 - z. What are the prime factors of y?
2, 7
Let z(v) = -v**3 + 19*v - 7. Let d be z(4). Suppose -1208 = -2*y - 4*j, -d*y + 2985 = -22*j + 25*j. List the prime factors of y.
2, 3, 11
Suppose i + 2*c = -259, 4*i = -3*c + 5*c - 1006. What are the prime factors of 4632/11 + 23/i?
421
Suppose -4*b = -3*d + 103900, -4*b = 257 - 253. What are the prime factors of d?
2, 3, 13, 37
List the prime factors of ((-522)/58)/(-1*(-6)/(-2708)).
2, 3, 677
Let p(l) = l**3 - 11*l**2 - 12*l + 6. Let k = 15 - 3. Let b be p(k). Suppose b*u - 4 - 80 = 0. What are the prime factors of u?
2, 7
List the prime factors of (-18)/(-2)*182312/312.
3, 1753
Suppose 0 = -86*p + 80*p + 36. Suppose -p*g = -1413 + 459. List the prime factors of g.
3, 53
Let u(k) = 20049*k**2 + 184*k + 182. List the prime factors of u(-1).
20047
Suppose -4*v + 9*v + 2830 = 20800. What are the prime factors of v?
2, 3, 599
Let v(k) = 0*k**2 + k**2 - 13 - 3*k**2 - 83*k**3 + 7 + 11 + 6*k. List the prime factors of v(-2).
11, 59
Let x = -258 - -231. Let z = x + 181. What are the prime factors of z?
2, 7, 11
Suppose 0 = -13*u + 12*u + 6664. Suppose -8*q + u = -q. Suppose 3*o - 10*o + q = 0. What are the prime factors of o?
2, 17
Let y be (-228)/18*((-3)/(-2))/(-1). Let i = -115 - -105. Let j = y - i. List the prime factors of j.
29
Let i = 2310 + -1183. Suppose 3*m = i + 172. What are the prime factors of m?
433
List the prime factors of 489*134*47/141.
2, 67, 163
Let y(t) = -t**3 + 20*t**2 - 10*t + 39. Let n be y(13). List the prime factors of n - -3*(-4)/(-6).
2, 547
Suppose 0*o + o = 3. Let h(u) = -u**3 + 3*u**2 + u - 7. Let d be h(o). What are the prime factors of 57*(3 + d)*-1?
3, 19
Suppose -204 = -17*j - 17*j. List the prime factors of (4/48*j)/(2/5972).
1493
Let y = -53 + 38. Let b be ((-24)/y)/((-2)/(-5)) - -288. Suppose -j = j + 4*s - 180, 3*j = 5*s + b. List the prime factors of j.
2, 47
Suppose 3*x - 21*l = -18*l + 60588, -80790 = -4*x + 3*l. List the prime factors of x.
2, 3, 7, 13, 37
Suppose 16*j - 42*j = 59804 - 244170. List the prime factors of j.
7, 1013
Let b(q) = -q + 11. Let o be b(10). Suppose 2*h + 9 = 5*w - 0*w, 3*h - 12 = -w. List the prime factors of (w + 5/o)/(4/62).
2, 31
Suppose -41*q + 28*q + 154089 = 0. List the prime factors of q.
3, 439
Suppose 19368 = 4*s + 597*n - 598*n, 5*n - 14549 = -3*s. List the prime factors of s.
29, 167
Suppose -2*p + 5*q = -64615, 0 = 5*p - 2*q + 95515 - 257105. List the prime factors of p.
2, 5, 101
Let g be ((0 - -2)/(-2))/(9/(-9)). List the prime factors of (9/g)/((-69)/(-1748)).
2, 3, 19
Suppose -156 = 5*q + 59. Let n = 49 + q. Suppose s - n*s = -80. What are the prime factors of s?
2
Suppose 6*x = -180694 - 278600. List the prime factors of 3/24 + x/(-88).
2, 3, 5, 29
Let w be -4*(-2 + 3) - -646. Suppose w = 22*f - 20*f. What are the prime factors of f?
3, 107
Suppose -i - 3*g - 2*g = -1, g + 31 = 5*i. Suppose h + 4*n = 3*n + i, n - 36 = -4*h. Suppose -14*f + 292 = -h*f. What are the prime factors of f?
73
Suppose -5*v + x + 53256 = 5*x, 0 = -v + 3*x + 10636. List the prime factors of v.
2, 11
Let b be 334/4*(4 - 2). Suppose -4*g + 20 = 0, -2*p - b = 5*g - 16. What are the prime factors of 2570/22 - 16/p?
3, 13
Let y(c) = -c**3 - 31*c**2 - 9*c + 86. Let j be y(-30). Let i = j - -1611. What are the prime factors of i?
11, 97
What are the prime factors of (-20 - (-1295622)/(-243))*-9?
2, 24083
Let l(j) = 663*j - 6417. List the prime factors of l(35).
2, 3, 1399
Suppose -9*x + 429 = -20*x. Let k = x + 41. Suppose -k*f - 56 = -3*f. List the prime factors of f.
2, 7
Suppose 0 = -5*n + 3*f - 8*f, 2*n = 3*f. Suppose -2*b + 22 = -4*s - n*s, -4*b + 2*s = -20. Suppose 6*u - 180 = -b*u. What are the prime factors of u?
2, 5
Let o be 12/(-4) - (-3 + 0) - 3. Let i be 3 + -2 + (3 - 2)*o. List the prime factors of 27/12 + i - (-909)/12.
2, 19
Suppose -10*k = 3 - 113. Suppose k*l = 66 + 572. What are the prime factors of l?
2, 29
Suppose -3*w + 239 = 4*n - 219, -w = 2. Let g be (-4)/18 - n/(-36). Suppose g*z + 46 - 139 = 0. What are the prime factors of z?
31
Let g(p) = -3*p**2 - 24*p - 15. Let x be g(-7). Suppose -3*o = x, -2*o - 1 = 2*q - 3. Suppose -20*a = -q*a - 1445. List the prime factors of a.
5, 17
Let q be (5 + 1)*11/33. Suppose 0*g = -q*g - 2*y + 70, -2*g + y = -67. What are the prime factors of g?
2, 17
Suppose -4*m + 20*m - 677217 = -41*m. List the prime factors of m.
109
Let u = -530 - -858. Suppose -n - 4*a + u = 0, 3*a = 8 - 2. What are the prime factors of n?
2, 5
Suppose -3*z + 4*p = 19, -z - 3*p + 11 = -0*p. What are the prime factors of (-7)/(-49) - ((-4786)/14 - z)?
11, 31
Let l(f) = 2*f**2 + 18*f + 26. Let w be l(-7). What are the prime factors of 441 + w*(2 + -4)?
5, 89
Let p = -238 + 242. Suppose 5*m - 349 = -c, -6*m + 10*m = p*c - 1396. What are the prime factors of c?
349
Let f = -28 + 25. Let s be (-1758)/(-9) + 1/f + 3. What are the prime factors of (5/(-3))/((-11)/s)?
2, 3, 5
List the prime factors of (-2810)/30*87*-1.
29, 281
Let x = 5 + -3. Suppose 2*j = -4 - 0, 5*p = 4*p - 2*j. Suppose -2*l = 3*l + 2*a - 1252, -p*l + x*a + 1016 = 0. What are the prime factors of l?
2, 3, 7
Suppose 595 + 2329 = 3*l - 5*g, -4*l = -5*g - 3892. List the prime factors of l.
2, 11
Suppose -3*c = 5*v - 25433, -25409 = -v - 4*v + c. What are the prime factors of v?
13, 17, 23
Let g = 226 - 208. Suppose g*f - 8178 - 2514 = 0. What are the prime factors of f?
2, 3, 11
Suppose -315112 + 1010968 = 1035*t - 1014*t. List the prime factors of t.
2, 19, 109
Let u(g) = 285*g**3 + g**2 - 2*g - 3. Let a be u(-1). Let o = -105 - a. List the prime factors of o.
2, 3, 5
Let h = 118 - 116. Let k be 6 + -9 + (-4 + 0)*h. Let m(f) = -3*f - 5. List the prime factors of m(k).
2, 7
Suppose 0 = z + z - 2. Suppose z = l - 4. Suppose -l*j + 31 = 2*n - 12, -n = 5*j - 19. List the prime factors of n.
2, 3
Suppose -7*v = -5*v + 28. Let z(i) = -2*i + 87. What are the prime factors of z(v)?
5, 23
Suppose 1951040 = 157*n - 1652113 - 464717. List the prime factors of n.
2, 5, 2591
Let u be -2 + -1 + (-20 - -23). Suppose 2*p + 76 = 3*p - 2*q, -5*q - 20 = u. List the prime factors of p - (-3 - 5/(-5)).
2, 5, 7
Let s(w) = 29*w - 32. Let f = -409 + 415. List the prime factors of s(f).
2, 71
Let u = -1149 - -813. Let l = -21 - u. What are the prime factors of l?
3, 5, 7
Let u be 0/1 - 6*8/(-16). Suppose 5*w = -4*t + 5*t - 168, 0 = -5*t + u*w + 906. What are the prime factors of t?
3, 61
Let f = -2499 - -4578. Suppose -2*m = -k + 381, 3*m = 5*k - f + 153. What are the prime factors of k?
3, 43
Let p = 15732 - 828. List the prime factors of p.
2, 3, 23
Let i be (0 - 16/12)*6/(-4). Let p be (i - 4)/((-6)/21). Suppose 0 = 8*l + p*l - 750. List the prime factors of l.
2, 5
Let p = 7 - 32. Let h = -19 - -45. Let g = h - p. List the prime factors of g.
3, 17
Let b = -92 + 96. Suppose -5*a - 971 = -b*j + j, -4*j - 3*a = -1314. List the prime factors of j.
3, 109
Let x be (8/(-3))/((-2)/33). Let p be 429/(-78)*(-6)/33. Suppose 0 = r + 6 - p, -2*r + x = 3*k. List the prime factors of k.
2, 3
What are the prime factors of (50 - 13244/264) + 160886/12?
3, 41, 109
Suppose -42*h = -20*h - 120604. List the prime fact